{"id":2143,"date":"2025-12-23T18:12:09","date_gmt":"2025-12-23T09:12:09","guid":{"rendered":"https:\/\/trip-japan-ylp.com\/?page_id=2143"},"modified":"2025-12-23T18:13:47","modified_gmt":"2025-12-23T09:13:47","slug":"toyota_vn","status":"publish","type":"page","link":"https:\/\/trip-japan-ylp.com\/?page_id=2143","title":{"rendered":"TOYOTA_VN"},"content":{"rendered":"\n<div class=\"wp-block-cover is-light\" style=\"min-height:527px;aspect-ratio:unset;\"><img loading=\"lazy\" decoding=\"async\" width=\"2560\" height=\"1920\" class=\"wp-block-cover__image-background wp-image-1915 size-full\" alt=\"\" src=\"https:\/\/trip-japan-ylp.com\/wp-content\/uploads\/2025\/12\/\u30c8\u30e8\u30bf2000GT\u6a2a-scaled.jpg\" style=\"object-position:52% 33%\" data-object-fit=\"cover\" data-object-position=\"52% 33%\" srcset=\"https:\/\/trip-japan-ylp.com\/wp-content\/uploads\/2025\/12\/\u30c8\u30e8\u30bf2000GT\u6a2a-scaled.jpg 2560w, https:\/\/trip-japan-ylp.com\/wp-content\/uploads\/2025\/12\/\u30c8\u30e8\u30bf2000GT\u6a2a-300x225.jpg 300w, https:\/\/trip-japan-ylp.com\/wp-content\/uploads\/2025\/12\/\u30c8\u30e8\u30bf2000GT\u6a2a-1024x768.jpg 1024w, https:\/\/trip-japan-ylp.com\/wp-content\/uploads\/2025\/12\/\u30c8\u30e8\u30bf2000GT\u6a2a-768x576.jpg 768w, https:\/\/trip-japan-ylp.com\/wp-content\/uploads\/2025\/12\/\u30c8\u30e8\u30bf2000GT\u6a2a-1536x1152.jpg 1536w, https:\/\/trip-japan-ylp.com\/wp-content\/uploads\/2025\/12\/\u30c8\u30e8\u30bf2000GT\u6a2a-2048x1536.jpg 2048w\" sizes=\"auto, (max-width: 2560px) 100vw, 2560px\" \/><span aria-hidden=\"true\" class=\"wp-block-cover__background has-background-dim-60 has-background-dim\" style=\"background-color:#948d85\"><\/span><div class=\"wp-block-cover__inner-container is-layout-flow wp-block-cover-is-layout-flow\">\n<p class=\"has-text-align-center vk_block-margin-xl--margin-bottom has-large-font-size\"><strong><mark style=\"background-color:rgba(0, 0, 0, 0)\" class=\"has-inline-color has-black-color\"><strong>H\u00e0nh tr\u00ecnh ch\u1ea1m v\u00e0o linh h\u1ed3n c\u1ee7a tinh hoa ch\u1ebf t\u00e1c Nh\u1eadt B\u1ea3n.<\/strong><\/mark><\/strong><\/p>\n\n\n\n<h1 class=\"wp-block-heading has-text-align-center is-style-vk-heading-plain\"><strong>\u3010<strong>Trong ng\u00e0y - T\u1eeb Nagoya - K\u00e8m xe \u0111\u01b0a \u0111\u00f3n<\/strong>\u3011<\/strong>&nbsp;<br><strong><strong>M\u1ed9t ng\u00e0y tr\u1ea3i nghi\u1ec7m tri th\u1ee9c tham quan B\u1ea3o t\u00e0ng Toyota &amp; V\u01b0\u1eddn Noritake<\/strong><\/strong><\/h1>\n<\/div><\/div>\n\n\n\n<div style=\"height:52px\" aria-hidden=\"true\" class=\"wp-block-spacer\"><\/div>\n\n\n\n<p class=\"has-text-align-center\"><strong>Gi\u1ea5c m\u01a1 t\u01b0\u01a1ng lai m\u1edf ra sau tay l\u00e1i, m\u1ef9 h\u1ecdc c\u1ee7a ng\u01b0\u1eddi th\u1ee3 th\u1ee7 c\u00f4ng g\u00f3i g\u1ecdn trong m\u1ed9t chi\u1ebfc \u0111\u0129a.<\/strong><br> <strong>T\u1ea1i \u0111\u00e2y, b\u1ea1n s\u1ebd c\u00f3 kho\u1ea3ng th\u1eddi gian \u0111\u1eb7c bi\u1ec7t \u0111\u1ec3 c\u1ea3m nh\u1eadn c\u1ed9i ngu\u1ed3n k\u1ef9 thu\u1eadt v\u00e0 ngh\u1ec7 thu\u1eadt Nh\u1eadt B\u1ea3n \u0111\u00e3 m\u00ea ho\u1eb7c c\u1ea3 th\u1ebf gi\u1edbi.<\/strong><\/p>\n\n\n\n<p class=\"has-text-align-center\"><strong>T\u00e0i x\u1ebf am hi\u1ec3u ki\u1ebfn th\u1ee9c s\u1ebd \u0111\u01b0a b\u1ea1n v\u00e0 tr\u00ed t\u00f2 m\u00f2 c\u1ee7a b\u1ea1n v\u00e0o c\u00e2u chuy\u1ec7n ch\u1ebf t\u00e1c n\u1ed1i d\u00e0i t\u1eeb qu\u00e1 kh\u1ee9 \u0111\u1ebfn t\u01b0\u01a1ng lai.<\/strong><br> <strong>H\u00e3y c\u00f9ng l\u00ean \u0111\u01b0\u1eddng cho m\u1ed9t h\u00e0nh tr\u00ecnh kh\u00e1m ph\u00e1 kh\u00f4ng ch\u1ec9 \u0111\u1ec3 ng\u1eafm nh\u00ecn, m\u00e0 c\u00f2n \u0111\u1ec3 kh\u1eafc s\u00e2u v\u00e0o t\u00e2m tr\u00ed.<\/strong><\/p>\n\n\n\n<figure class=\"wp-block-gallery has-nested-images columns-default is-cropped wp-block-gallery-1 is-layout-flex wp-block-gallery-is-layout-flex\">\n<figure class=\"wp-block-image size-full is-style-vk-image-photoFrame-tilt-right\"><img loading=\"lazy\" decoding=\"async\" width=\"640\" height=\"427\" data-id=\"1872\" src=\"https:\/\/trip-japan-ylp.com\/wp-content\/uploads\/2025\/11\/\u30ad\u30e3\u30c7\u30e9\u30c3\u30af\u30a8\u30eb\u30c9\u30e9\u30c91959-2.jpg\" alt=\"\" class=\"wp-image-1872\" srcset=\"https:\/\/trip-japan-ylp.com\/wp-content\/uploads\/2025\/11\/\u30ad\u30e3\u30c7\u30e9\u30c3\u30af\u30a8\u30eb\u30c9\u30e9\u30c91959-2.jpg 640w, https:\/\/trip-japan-ylp.com\/wp-content\/uploads\/2025\/11\/\u30ad\u30e3\u30c7\u30e9\u30c3\u30af\u30a8\u30eb\u30c9\u30e9\u30c91959-2-300x200.jpg 300w\" sizes=\"auto, (max-width: 640px) 100vw, 640px\" \/><\/figure>\n\n\n\n<figure class=\"wp-block-image size-full is-style-vk-image-photoFrame\"><img loading=\"lazy\" decoding=\"async\" width=\"640\" height=\"427\" data-id=\"1873\" src=\"https:\/\/trip-japan-ylp.com\/wp-content\/uploads\/2025\/11\/\u65e5\u672c\u306e\u8efd\u81ea\u52d5\u8eca\u9054-2.jpg\" alt=\"\" class=\"wp-image-1873\" srcset=\"https:\/\/trip-japan-ylp.com\/wp-content\/uploads\/2025\/11\/\u65e5\u672c\u306e\u8efd\u81ea\u52d5\u8eca\u9054-2.jpg 640w, https:\/\/trip-japan-ylp.com\/wp-content\/uploads\/2025\/11\/\u65e5\u672c\u306e\u8efd\u81ea\u52d5\u8eca\u9054-2-300x200.jpg 300w\" sizes=\"auto, (max-width: 640px) 100vw, 640px\" \/><\/figure>\n\n\n\n<figure class=\"wp-block-image size-full is-style-vk-image-photoFrame-tilt-left\"><img loading=\"lazy\" decoding=\"async\" width=\"640\" height=\"427\" data-id=\"1874\" src=\"https:\/\/trip-japan-ylp.com\/wp-content\/uploads\/2025\/11\/\u9ad8\u7d1a\u30af\u30e9\u30b7\u30c3\u30af\u30ab\u30fc\u9060\u666f-2.jpg\" alt=\"\" class=\"wp-image-1874\" srcset=\"https:\/\/trip-japan-ylp.com\/wp-content\/uploads\/2025\/11\/\u9ad8\u7d1a\u30af\u30e9\u30b7\u30c3\u30af\u30ab\u30fc\u9060\u666f-2.jpg 640w, https:\/\/trip-japan-ylp.com\/wp-content\/uploads\/2025\/11\/\u9ad8\u7d1a\u30af\u30e9\u30b7\u30c3\u30af\u30ab\u30fc\u9060\u666f-2-300x200.jpg 300w\" sizes=\"auto, (max-width: 640px) 100vw, 640px\" \/><\/figure>\n<\/figure>\n\n\n\n<div class=\"wp-block-vk-blocks-spacer vk_spacer vk_spacer-type-margin-top\"><div class=\"vk_block-margin-md--margin-top\"><\/div><\/div>\n\n\n\n<div style=\"height:29px\" aria-hidden=\"true\" class=\"wp-block-spacer\"><\/div>\n\n\n\n<div class=\"wp-block-vk-blocks-button vk_button vk_button-color-custom vk_button-align-center\"><a href=\"https:\/\/trip-japan-ylp.com\/?page_id=127&amp;lang=ja\" class=\"vk_button_link btn has-background has-vk-color-primary-dark-background-color btn-md\" role=\"button\" aria-pressed=\"true\" rel=\"noopener\"><div class=\"vk_button_link_caption\"><span class=\"vk_button_link_txt\"><strong>Li\u00ean h\u1ec7 t\u01b0 v\u1ea5n v\u1ec1 tour n\u00e0y<\/strong><\/span><i class=\"fa-solid fa-check vk_button_link_after\" aria-hidden=\"true\"><\/i><\/div><\/a><\/div>\n\n\n\n<div style=\"height:52px\" aria-hidden=\"true\" class=\"wp-block-spacer\"><\/div>\n\n\n\n<h2 class=\"wp-block-heading has-text-align-center\"><strong>Chi ph\u00ed tour<\/strong><\/h2>\n\n\n\n<figure class=\"wp-block-table is-style-vk-table-border-stripes\" style=\"padding-right:0;padding-left:0\"><table style=\"border-style:none;border-width:0px\"><tbody><tr><td class=\"has-text-align-left\" data-align=\"left\"><strong><strong>T\u00ean g\u00f3i<\/strong><\/strong><\/td><td>\u3010<strong>V\u00e9 v\u00e0o c\u1eeda &amp; Xe \u0111\u01b0a \u0111\u00f3n<\/strong>\u3011<strong>Tour trong ng\u00e0y kh\u00e1m ph\u00e1 tinh hoa ch\u1ebf t\u00e1c<\/strong><\/td><\/tr><tr><td class=\"has-text-align-left\" data-align=\"left\"><strong><strong>Gi\u00e1<\/strong><\/strong><\/td><td><strong><strong><mark style=\"background-color:rgba(0, 0, 0, 0);color:#81270b\" class=\"has-inline-color\"><strong>\u00a512,000  \/ ng\u01b0\u1eddi (\u0110\u00e3 bao g\u1ed3m thu\u1ebf)<\/strong><\/mark><\/strong><\/strong><br><small>\u203b<em>Gi\u00e1 \u00e1p d\u1ee5ng cho nh\u00f3m \u0111\u0103ng k\u00fd t\u1eeb 2 ng\u01b0\u1eddi tr\u1edf l\u00ean.<\/em><\/small><\/td><\/tr><tr><td class=\"has-text-align-left\" data-align=\"left\"><strong><em>T\u1ed1i thi\u1ec3u kh\u1edfi h\u00e0nh<\/em><\/strong><\/td><td><em>2 ng\u01b0\u1eddi<\/em><br>\u203bQu\u00fd kh\u00e1ch \u0111\u0103ng k\u00fd \u0111i 1 m\u00ecnh vui l\u00f2ng li\u00ean h\u1ec7 ri\u00eang \u0111\u1ec3 bi\u1ebft chi ph\u00ed.<\/td><\/tr><tr><td class=\"has-text-align-left\" data-align=\"left\"><strong><strong>Chi ph\u00ed bao g\u1ed3m<\/strong><\/strong><\/td><td>\u30fbV\u00e9 v\u00e0o c\u1eeda B\u1ea3o t\u00e0ng Toyota<br>\u30fbV\u00e9 v\u00e0o c\u1eeda Trung t\u00e2m ch\u00e0o \u0111\u00f3n V\u01b0\u1eddn Noritake (Noritake Garden)<br>\u30fbXe \u0111\u01b0a \u0111\u00f3n kh\u1ee9 h\u1ed3i (N\u1ed9i th\u00e0nh Nagoya \u21d4 C\u00e1c \u0111i\u1ec3m tham quan)<br>\u30fbChi ph\u00ed xe, t\u00e0i x\u1ebf, x\u0103ng d\u1ea7u, ph\u00ed c\u1ea7u \u0111\u01b0\u1eddng cao t\u1ed1c, b\u1ebfn b\u00e3i.<\/td><\/tr><\/tbody><\/table><\/figure>\n\n\n\n<div style=\"height:67px\" aria-hidden=\"true\" class=\"wp-block-spacer\"><\/div>\n\n\n\n<h2 class=\"wp-block-heading has-text-align-center\"><strong>L\u1ecbch tr\u00ecnh trong ng\u00e0y<\/strong><\/h2>\n\n\n\n<div class=\"wp-block-columns is-layout-flex wp-container-core-columns-is-layout-28f84493 wp-block-columns-is-layout-flex\">\n<div class=\"wp-block-column is-layout-flow wp-block-column-is-layout-flow\" style=\"flex-basis:66.66%\">\n<p><strong>9:30 \ud83d\ude90 Kh\u1edfi h\u00e0nh<\/strong><br>\u0110\u00f3n qu\u00fd kh\u00e1ch t\u1ea1i kh\u00e1ch s\u1ea1n ho\u1eb7c nh\u00e0 ga ch\u1ec9 \u0111\u1ecbnh. B\u1eaft \u0111\u1ea7u h\u00e0nh tr\u00ecnh th\u1ecfa m\u00e3n tr\u00ed t\u00f2 m\u00f2.<\/p>\n\n\n\n<p><strong><strong>10:00 \ud83c\udfdb\ufe0f \u0110\u1ebfn B\u1ea3o t\u00e0ng Toyota<\/strong><\/strong>&nbsp;<br>Chi\u00eam ng\u01b0\u1ee1ng to\u00e0n c\u1ea3nh l\u1ecbch s\u1eed \u00f4 t\u00f4 th\u1ebf gi\u1edbi. H\u00e3y \u0111\u1ec3 tr\u00e1i tim b\u1ea1n rung \u0111\u1ed9ng tr\u01b0\u1edbc b\u1ed9 s\u01b0u t\u1eadp tr\u00e1ng l\u1ec7 n\u00e0y.<\/p>\n\n\n\n<p><strong><strong>10:00\uff5e12:00 \ud83d\ude97 Tham quan t\u1ef1 do<\/strong><\/strong>&nbsp;<br>Thong th\u1ea3 ng\u1eafm nh\u00ecn v\u00f4 s\u1ed1 chi\u1ebfc xe danh ti\u1ebfng. (Th\u1eddi gian tham quan: kho\u1ea3ng 2 ti\u1ebfng)<\/p>\n\n\n\n<p><strong><strong>12:30 \ud83c\udf7d\ufe0f \u0102n tr\u01b0a<\/strong><\/strong>&nbsp;<br>Ch\u00fang t\u00f4i s\u1ebd gi\u1edbi thi\u1ec7u c\u00e1c m\u00f3n ngon \u0111\u1eb7c s\u1ea3n Nagoya. H\u00e3y cho bi\u1ebft mong mu\u1ed1n c\u1ee7a b\u1ea1n, ch\u1eb3ng h\u1ea1n nh\u01b0 C\u01a1m l\u01b0\u01a1n Hitsumabushi hay Th\u1ecbt heo chi\u00ean s\u1ed1t Miso (Miso Katsu). (Chi ph\u00ed \u0103n u\u1ed1ng t\u1ef1 t\u00fac)<\/p>\n\n\n\n<p><strong>14:00 \ud83c\udfa8 \u0110\u1ebfn V\u01b0\u1eddn Noritake<\/strong><br>B\u01b0\u1edbc v\u00e0o th\u1ebf gi\u1edbi g\u1ed1m s\u1ee9 tuy\u1ec7t \u0111\u1eb9p. B\u1ea1n c\u0169ng c\u00f3 th\u1ec3 t\u1ea3n b\u1ed9 trong khu\u00f4n vi\u00ean xanh m\u00e1t.<\/p>\n\n\n\n<p><strong>14:00\uff5e15:30 \ud83c\udf33 Tham quan t\u1ef1 do<\/strong><br>Tham quan b\u1ea3o t\u00e0ng ho\u1eb7c ch\u1ecdn mua qu\u00e0 l\u01b0u ni\u1ec7m t\u1ea1i c\u1eeda h\u00e0ng. (Th\u1eddi gian tham quan: kho\u1ea3ng 1.5 ti\u1ebfng)<\/p>\n\n\n\n<p><strong><strong>16:00 \ud83c\udfe1 K\u1ebft th\u00fac h\u00e0nh tr\u00ecnh<\/strong><\/strong><br>\u0110\u01b0a qu\u00fd kh\u00e1ch v\u1ec1 l\u1ea1i \u0111i\u1ec3m h\u1eb9n ban \u0111\u1ea7u. Hy v\u1ecdng qu\u00fd kh\u00e1ch \u0111\u00e3 c\u00f3 m\u1ed9t kho\u1ea3ng th\u1eddi gian \u00fd ngh\u0129a.<\/p>\n<\/div>\n<\/div>\n\n\n\n<p class=\"has-text-align-center has-small-font-size\"><em>L\u1ecbch tr\u00ecnh tr\u00ean ch\u1ec9 l\u00e0 d\u1ef1 ki\u1ebfn. Th\u1eddi gian c\u00f3 th\u1ec3 thay \u0111\u1ed5i t\u00f9y thu\u1ed9c v\u00e0o t\u00ecnh h\u00ecnh giao th\u00f4ng. Ch\u00fang t\u00f4i c\u00f3 th\u1ec3 \u0111i\u1ec1u ch\u1ec9nh l\u1ecbch tr\u00ecnh theo y\u00eau c\u1ea7u c\u1ee7a qu\u00fd kh\u00e1ch.<\/em><\/p>\n\n\n\n<div style=\"height:39px\" aria-hidden=\"true\" class=\"wp-block-spacer\"><\/div>\n\n\n\n<div class=\"wp-block-cover is-light\" style=\"min-height:287px;aspect-ratio:unset;\"><span aria-hidden=\"true\" class=\"wp-block-cover__background has-background-dim-100 has-background-dim\" style=\"background-color:#f6edd6\"><\/span><div class=\"wp-block-cover__inner-container is-layout-constrained wp-block-cover-is-layout-constrained\">\n<h2 class=\"wp-block-heading has-text-align-center\"><strong>B\u1ea1n c\u00f3 mu\u1ed1n tham gia h\u00e0nh tr\u00ecnh kh\u00e1m ph\u00e1 c\u00f4ng nghi\u1ec7p v\u00e0 k\u1ef9 thu\u1eadt n\u00e0y kh\u00f4ng?<\/strong><\/h2>\n\n\n\n<p class=\"has-text-align-center\"><strong>N\u1ebfu c\u00f3 b\u1ea5t k\u1ef3 c\u00e2u h\u1ecfi n\u00e0o v\u1ec1 vi\u1ec7c \u0111\u1eb7t ch\u1ed7 hay chi ti\u1ebft g\u00f3i tour, \u0111\u1eebng ng\u1ea7n ng\u1ea1i li\u00ean h\u1ec7 v\u1edbi ch\u00fang t\u00f4i.<\/strong><\/p>\n\n\n\n<div class=\"wp-block-vk-blocks-button vk_button vk_button-color-custom vk_button-align-center\"><a href=\"https:\/\/trip-japan-ylp.com\/?page_id=127&amp;lang=ja\" class=\"vk_button_link btn has-background has-vk-color-primary-dark-background-color btn-md\" role=\"button\" aria-pressed=\"true\" rel=\"noopener\"><div class=\"vk_button_link_caption\"><span class=\"vk_button_link_txt\"><strong>Li\u00ean h\u1ec7 t\u01b0 v\u1ea5n v\u1ec1 tour n\u00e0y<\/strong><\/span><i class=\"fa-solid fa-check vk_button_link_after\" aria-hidden=\"true\"><\/i><\/div><\/a><\/div>\n<\/div><\/div>\n\n\n\n<p><\/p>\n\n\n\n<div class=\"wp-block-columns is-layout-flex wp-container-core-columns-is-layout-28f84493 wp-block-columns-is-layout-flex\">\n<div class=\"wp-block-column is-layout-flow wp-block-column-is-layout-flow\"><\/div>\n\n\n\n<div class=\"wp-block-column is-layout-flow wp-block-column-is-layout-flow\"><\/div>\n<\/div>\n\n\n\n<p><\/p>\n","protected":false},"excerpt":{"rendered":"<p>Gi\u1ea5c m\u01a1 t\u01b0\u01a1ng lai m\u1edf ra sau tay l\u00e1i, m\u1ef9 h\u1ecdc c\u1ee7a ng\u01b0\u1eddi th\u1ee3 th\u1ee7 c\u00f4ng g\u00f3i g\u1ecdn trong m\u1ed9t chi\u1ebfc \u0111\u0129a. T\u1ea1i \u0111\u00e2y, b\u1ea1n s [&hellip;]<\/p>\n","protected":false},"author":1,"featured_media":0,"parent":0,"menu_order":0,"comment_status":"closed","ping_status":"closed","template":"","meta":{"_uag_custom_page_level_css":"","vkexunit_cta_each_option":"","footnotes":""},"class_list":["post-2143","page","type-page","status-publish","hentry"],"uagb_featured_image_src":{"full":false,"thumbnail":false,"medium":false,"medium_large":false,"large":false,"1536x1536":false,"2048x2048":false,"post-thumbnail":false},"uagb_author_info":{"display_name":"admin","author_link":"https:\/\/trip-japan-ylp.com\/?author=1"},"uagb_comment_info":0,"uagb_excerpt":"Gi\u1ea5c m\u01a1 t\u01b0\u01a1ng lai m\u1edf ra sau tay l\u00e1i, m\u1ef9 h\u1ecdc c\u1ee7a ng\u01b0\u1eddi t&hellip;","_links":{"self":[{"href":"https:\/\/trip-japan-ylp.com\/index.php?rest_route=\/wp\/v2\/pages\/2143","targetHints":{"allow":["GET"]}}],"collection":[{"href":"https:\/\/trip-japan-ylp.com\/index.php?rest_route=\/wp\/v2\/pages"}],"about":[{"href":"https:\/\/trip-japan-ylp.com\/index.php?rest_route=\/wp\/v2\/types\/page"}],"author":[{"embeddable":true,"href":"https:\/\/trip-japan-ylp.com\/index.php?rest_route=\/wp\/v2\/users\/1"}],"replies":[{"embeddable":true,"href":"https:\/\/trip-japan-ylp.com\/index.php?rest_route=%2Fwp%2Fv2%2Fcomments&post=2143"}],"version-history":[{"count":3,"href":"https:\/\/trip-japan-ylp.com\/index.php?rest_route=\/wp\/v2\/pages\/2143\/revisions"}],"predecessor-version":[{"id":2411,"href":"https:\/\/trip-japan-ylp.com\/index.php?rest_route=\/wp\/v2\/pages\/2143\/revisions\/2411"}],"wp:attachment":[{"href":"https:\/\/trip-japan-ylp.com\/index.php?rest_route=%2Fwp%2Fv2%2Fmedia&parent=2143"}],"curies":[{"name":"wp","href":"https:\/\/api.w.org\/{rel}","templated":true}]}}