{"id":2576,"date":"2026-02-09T15:05:18","date_gmt":"2026-02-09T06:05:18","guid":{"rendered":"https:\/\/trip-japan-ylp.com\/?page_id=2576"},"modified":"2026-03-02T13:46:10","modified_gmt":"2026-03-02T04:46:10","slug":"privacy-policy-7","status":"publish","type":"page","link":"https:\/\/trip-japan-ylp.com\/?page_id=2576","title":{"rendered":"Privacy Policy_VN"},"content":{"rendered":"\n<h2 class=\"wp-block-heading has-text-align-center\"><strong>Ch\u00ednh s\u00e1ch b\u1ea3o m\u1eadt th\u00f4ng tin c\u00e1 nh\u00e2n<\/strong><\/h2>\n\n\n\n<p>C\u00f4ng ty C\u1ed5 ph\u1ea7n Young Life Proposal (sau \u0111\u00e2y g\u1ecdi l\u00e0 \"Ch\u00fang t\u00f4i\") ho\u1ea1t \u0111\u1ed9ng trong l\u0129nh v\u1ef1c ph\u00e1t tri\u1ec3n c\u01a1 s\u1edf h\u1ea1 t\u1ea7ng CNTT, \u1ee9ng d\u1ee5ng Web v\u00e0 ng\u00e0nh du l\u1ecbch Inbound. Ch\u00fang t\u00f4i nh\u1eadn th\u1ee9c s\u00e2u s\u1eafc r\u1eb1ng vi\u1ec7c b\u1ea3o v\u1ec7 th\u00f4ng tin c\u00e1 nh\u00e2n l\u00e0 m\u1ed9t v\u1ea5n \u0111\u1ec1 quan tr\u1ecdng khi th\u1ef1c hi\u1ec7n c\u00e1c ho\u1ea1t \u0111\u1ed9ng kinh doanh n\u00e0y.<\/p>\n\n\n\n<p>Do \u0111\u00f3, \u0111\u1ec3 x\u1eed l\u00fd m\u1ed9t c\u00e1ch th\u00edch h\u1ee3p t\u1ea5t c\u1ea3 th\u00f4ng tin c\u00e1 nh\u00e2n ph\u1ee5c v\u1ee5 cho ho\u1ea1t \u0111\u1ed9ng kinh doanh c\u1ee7a m\u00ecnh, ch\u00fang t\u00f4i \u0111\u00e3 thi\u1ebft l\u1eadp Ch\u00ednh s\u00e1ch b\u1ea3o m\u1eadt th\u00f4ng tin c\u00e1 nh\u00e2n n\u00e0y nh\u01b0 m\u1ed9t quy chu\u1ea9n h\u00e0nh \u0111\u1ed9ng m\u00e0 to\u00e0n th\u1ec3 nh\u00e2n vi\u00ean ph\u1ea3i tu\u00e2n th\u1ee7, \u0111\u1ed3ng th\u1eddi cam k\u1ebft th\u1ef1c hi\u1ec7n tri\u1ec7t \u0111\u1ec3 vi\u1ec7c tu\u00e2n th\u1ee7 ch\u00ednh s\u00e1ch n\u00e0y.<\/p>\n\n\n\n<ol class=\"wp-block-list\">\n<li>Ch\u00fang t\u00f4i tu\u00e2n th\u1ee7 c\u00e1c lu\u1eadt l\u1ec7, h\u01b0\u1edbng d\u1eabn do nh\u00e0 n\u01b0\u1edbc quy \u0111\u1ecbnh v\u00e0 c\u00e1c quy ph\u1ea1m kh\u00e1c li\u00ean quan \u0111\u1ebfn vi\u1ec7c x\u1eed l\u00fd th\u00f4ng tin c\u00e1 nh\u00e2n. Theo \u0111\u00f3, ch\u00fang t\u00f4i x\u00e2y d\u1ef1ng v\u00e0 v\u1eadn h\u00e0nh m\u1ed9t h\u1ec7 th\u1ed1ng qu\u1ea3n l\u00fd b\u1ea3o m\u1eadt th\u00f4ng tin c\u00e1 nh\u00e2n ph\u00f9 h\u1ee3p v\u1edbi Ti\u00eau chu\u1ea9n C\u00f4ng nghi\u1ec7p Nh\u1eadt B\u1ea3n \"H\u1ec7 th\u1ed1ng qu\u1ea3n l\u00fd b\u1ea3o m\u1eadt th\u00f4ng tin c\u00e1 nh\u00e2n - C\u00e1c y\u00eau c\u1ea7u\" (JIS Q 15001).<\/li>\n\n\n\n<li>Ch\u00fang t\u00f4i th\u1ef1c hi\u1ec7n vi\u1ec7c thu th\u1eadp, s\u1eed d\u1ee5ng v\u00e0 cung c\u1ea5p th\u00f4ng tin c\u00e1 nh\u00e2n m\u1ed9t c\u00e1ch th\u00edch h\u1ee3p, c\u00f3 c\u00e2n nh\u1eafc \u0111\u1ebfn n\u1ed9i dung v\u00e0 quy m\u00f4 kinh doanh. \u0110i\u1ec1u n\u00e0y bao g\u1ed3m vi\u1ec7c kh\u00f4ng x\u1eed l\u00fd th\u00f4ng tin c\u00e1 nh\u00e2n v\u01b0\u1ee3t qu\u00e1 ph\u1ea1m vi c\u1ea7n thi\u1ebft \u0111\u1ec3 \u0111\u1ea1t \u0111\u01b0\u1ee3c m\u1ee5c \u0111\u00edch s\u1eed d\u1ee5ng \u0111\u00e3 \u0111\u01b0\u1ee3c x\u00e1c \u0111\u1ecbnh, c\u0169ng nh\u01b0 th\u1ef1c hi\u1ec7n c\u00e1c bi\u1ec7n ph\u00e1p \u0111\u1ec3 \u0111\u1ea3m b\u1ea3o \u0111i\u1ec1u \u0111\u00f3.<\/li>\n\n\n\n<li>Trong tr\u01b0\u1eddng h\u1ee3p \u1ee7y th\u00e1c to\u00e0n b\u1ed9 ho\u1eb7c m\u1ed9t ph\u1ea7n vi\u1ec7c x\u1eed l\u00fd th\u00f4ng tin c\u00e1 nh\u00e2n, ch\u00fang t\u00f4i s\u1ebd th\u1ef1c hi\u1ec7n s\u1ef1 gi\u00e1m s\u00e1t c\u1ea7n thi\u1ebft v\u00e0 th\u00edch h\u1ee3p \u0111\u1ed1i v\u1edbi b\u00ean \u0111\u01b0\u1ee3c \u1ee7y th\u00e1c \u0111\u1ec3 \u0111\u1ea3m b\u1ea3o an to\u00e0n cho th\u00f4ng tin c\u00e1 nh\u00e2n \u0111\u00f3.<\/li>\n\n\n\n<li>Ch\u00fang t\u00f4i s\u1ebd kh\u00f4ng cung c\u1ea5p th\u00f4ng tin c\u00e1 nh\u00e2n cho b\u00ean th\u1ee9 ba, tr\u1eeb khi c\u00f3 s\u1ef1 \u0111\u1ed3ng \u00fd c\u1ee7a \u0111\u01b0\u01a1ng s\u1ef1 ho\u1eb7c trong c\u00e1c tr\u01b0\u1eddng h\u1ee3p d\u1ef1a tr\u00ean quy \u0111\u1ecbnh c\u1ee7a ph\u00e1p lu\u1eadt.<\/li>\n\n\n\n<li>Ch\u00fang t\u00f4i th\u1ef1c hi\u1ec7n c\u00e1c bi\u1ec7n ph\u00e1p \u0111\u1ec3 ng\u0103n ch\u1eb7n v\u00e0 kh\u1eafc ph\u1ee5c s\u1ef1 r\u00f2 r\u1ec9, m\u1ea5t m\u00e1t ho\u1eb7c h\u01b0 h\u1ecfng th\u00f4ng tin c\u00e1 nh\u00e2n.<\/li>\n\n\n\n<li>Ch\u00fang t\u00f4i n\u1ed7 l\u1ef1c ph\u1ea3n h\u1ed3i m\u1ed9t c\u00e1ch th\u00edch h\u1ee3p v\u00e0 nhanh ch\u00f3ng \u0111\u1ed1i v\u1edbi c\u00e1c khi\u1ebfu n\u1ea1i v\u00e0 tham v\u1ea5n li\u00ean quan \u0111\u1ebfn vi\u1ec7c x\u1eed l\u00fd th\u00f4ng tin c\u00e1 nh\u00e2n. Ngo\u00e0i ra, ch\u00fang t\u00f4i c\u0169ng ti\u1ebfp nh\u1eadn c\u00e1c y\u00eau c\u1ea7u li\u00ean quan \u0111\u1ebfn d\u1eef li\u1ec7u c\u00e1 nh\u00e2n m\u00e0 ch\u00fang t\u00f4i \u0111ang n\u1eafm gi\u1eef (th\u00f4ng b\u00e1o m\u1ee5c \u0111\u00edch s\u1eed d\u1ee5ng, ti\u1ebft l\u1ed9, ch\u1ec9nh s\u1eeda\/b\u1ed5 sung ho\u1eb7c x\u00f3a, ng\u1eebng s\u1eed d\u1ee5ng\/cung c\u1ea5p, ti\u1ebft l\u1ed9 h\u1ed3 s\u01a1 cung c\u1ea5p cho b\u00ean th\u1ee9 ba). V\u1ec1 th\u1ee7 t\u1ee5c cho c\u00e1c y\u00eau c\u1ea7u ti\u1ebft l\u1ed9, vui l\u00f2ng li\u00ean h\u1ec7 \"Qu\u1ea7y t\u01b0 v\u1ea5n v\u00e0 gi\u1ea3i quy\u1ebft khi\u1ebfu n\u1ea1i v\u1ec1 th\u00f4ng tin c\u00e1 nh\u00e2n\" d\u01b0\u1edbi \u0111\u00e2y.<\/li>\n\n\n\n<li>Ch\u00fang t\u00f4i th\u1ef1c hi\u1ec7n c\u1ea3i ti\u1ebfn li\u00ean t\u1ee5c h\u1ec7 th\u1ed1ng qu\u1ea3n l\u00fd b\u1ea3o m\u1eadt th\u00f4ng tin c\u00e1 nh\u00e2n.<\/li>\n<\/ol>\n\n\n\n<div style=\"height:100px\" aria-hidden=\"true\" class=\"wp-block-spacer\"><\/div>\n\n\n\n<p>\uff1cQu\u1ea7y t\u01b0 v\u1ea5n v\u00e0 gi\u1ea3i quy\u1ebft khi\u1ebfu n\u1ea1i v\u1ec1 th\u00f4ng tin c\u00e1 nh\u00e2n\uff1e<\/p>\n\n\n\n<p>Tel: 052-265-8131<\/p>\n\n\n\n<p>(Reception hours: 9:30 - 18:00, excluding Saturdays, Sundays, and National Holidays)<\/p>\n\n\n\n<p class=\"has-text-align-right\">Enacted on December 15, 2025<\/p>\n\n\n\n<p class=\"has-text-align-right\">Young Life Proposal Co., Ltd.<\/p>\n\n\n\n<p class=\"has-text-align-right\">CEO:<strong> <\/strong>Akimori Katsurayama<\/p>\n\n\n\n<p><\/p>\n","protected":false},"excerpt":{"rendered":"<p>Ch\u00ednh s\u00e1ch b\u1ea3o m\u1eadt th\u00f4ng tin c\u00e1 nh\u00e2n C\u00f4ng ty C\u1ed5 ph\u1ea7n Young Life Proposal (sau \u0111\u00e2y g\u1ecdi l\u00e0 \"Ch\u00fang t\u00f4i\") ho\u1ea1t \u0111\u1ed9n [&hellip;]<\/p>\n","protected":false},"author":1,"featured_media":0,"parent":0,"menu_order":0,"comment_status":"closed","ping_status":"closed","template":"","meta":{"_uag_custom_page_level_css":"","vkexunit_cta_each_option":"","footnotes":""},"class_list":["post-2576","page","type-page","status-publish","hentry"],"uagb_featured_image_src":{"full":false,"thumbnail":false,"medium":false,"medium_large":false,"large":false,"1536x1536":false,"2048x2048":false,"post-thumbnail":false},"uagb_author_info":{"display_name":"admin","author_link":"https:\/\/trip-japan-ylp.com\/?author=1"},"uagb_comment_info":0,"uagb_excerpt":"Ch\u00ednh s\u00e1ch b\u1ea3o m\u1eadt th\u00f4ng tin c\u00e1 nh\u00e2n C\u00f4ng ty C\u1ed5 ph\u1ea7n Yo&hellip;","_links":{"self":[{"href":"https:\/\/trip-japan-ylp.com\/index.php?rest_route=\/wp\/v2\/pages\/2576","targetHints":{"allow":["GET"]}}],"collection":[{"href":"https:\/\/trip-japan-ylp.com\/index.php?rest_route=\/wp\/v2\/pages"}],"about":[{"href":"https:\/\/trip-japan-ylp.com\/index.php?rest_route=\/wp\/v2\/types\/page"}],"author":[{"embeddable":true,"href":"https:\/\/trip-japan-ylp.com\/index.php?rest_route=\/wp\/v2\/users\/1"}],"replies":[{"embeddable":true,"href":"https:\/\/trip-japan-ylp.com\/index.php?rest_route=%2Fwp%2Fv2%2Fcomments&post=2576"}],"version-history":[{"count":5,"href":"https:\/\/trip-japan-ylp.com\/index.php?rest_route=\/wp\/v2\/pages\/2576\/revisions"}],"predecessor-version":[{"id":2599,"href":"https:\/\/trip-japan-ylp.com\/index.php?rest_route=\/wp\/v2\/pages\/2576\/revisions\/2599"}],"wp:attachment":[{"href":"https:\/\/trip-japan-ylp.com\/index.php?rest_route=%2Fwp%2Fv2%2Fmedia&parent=2576"}],"curies":[{"name":"wp","href":"https:\/\/api.w.org\/{rel}","templated":true}]}}