{"id":649,"date":"2025-09-03T11:18:25","date_gmt":"2025-09-03T02:18:25","guid":{"rendered":"https:\/\/trip-japan-ylp.com\/?page_id=649"},"modified":"2025-10-30T14:43:12","modified_gmt":"2025-10-30T05:43:12","slug":"gia-dich-vu","status":"publish","type":"page","link":"https:\/\/trip-japan-ylp.com\/?page_id=649","title":{"rendered":"Price List_VN"},"content":{"rendered":"\n<h2 class=\"wp-block-heading\">B\u1ea3ng gi\u00e1 du l\u1ecbch Nh\u1eadt B\u1ea3n<\/h2>\n\n\n\n<p>Ch\u00fang t\u00f4i cung c\u1ea5p nhi\u1ec1u d\u1ecbch v\u1ee5 li\u00ean quan \u0111\u1ebfn du l\u1ecbch t\u1ea1i Nh\u1eadt B\u1ea3n.<br>Gi\u00e1 c\u1ea3 thay \u0111\u1ed5i t\u00f9y theo th\u1eddi gian s\u1eed d\u1ee5ng, h\u1ea1ng kh\u00e1ch s\u1ea1n v\u00e0 \u0111i\u1ec3m \u0111\u1ebfn.<\/p>\n\n\n\n<div class=\"wp-block-columns is-layout-flex wp-container-core-columns-is-layout-28f84493 wp-block-columns-is-layout-flex\">\n<div class=\"wp-block-column is-layout-flow wp-block-column-is-layout-flow\">\n<div class=\"wp-block-vk-blocks-button vk_button vk_button-color-custom vk_button-align-right\"><a href=\"https:\/\/trip-japan-ylp.com\/?page_id=212\" class=\"vk_button_link btn has-background has-vk-color-primary-background-color btn-md\" role=\"button\" aria-pressed=\"true\" rel=\"noopener\"><div class=\"vk_button_link_caption\"><span class=\"vk_button_link_txt\">Li\u00ean h\u1ec7 t\u1ea1i \u0111\u00e2y<\/span><i class=\"fa-solid fa-up-right-from-square vk_button_link_after\" aria-hidden=\"true\"><\/i><\/div><\/a><\/div>\n<\/div>\n\n\n\n<div class=\"wp-block-column is-layout-flow wp-block-column-is-layout-flow\">\n<div class=\"wp-block-vk-blocks-button vk_button vk_button-color-custom vk_button-align-left\"><a href=\"https:\/\/trip-japan-ylp.com\/?page_id=1418\" class=\"vk_button_link btn has-background has-vk-color-primary-background-color btn-md\" role=\"button\" aria-pressed=\"true\" rel=\"noopener\"><div class=\"vk_button_link_caption\"><span class=\"vk_button_link_txt\">Tour Ghibli: Nh\u1ea5n v\u00e0o \u0111\u00e2y<\/span><i class=\"fa-solid fa-up-right-from-square vk_button_link_after\" aria-hidden=\"true\"><\/i><\/div><\/a><\/div>\n<\/div>\n<\/div>\n\n\n\n<div style=\"height:24px\" aria-hidden=\"true\" class=\"wp-block-spacer\"><\/div>\n\n\n\n<h3 class=\"wp-block-heading\">D\u1ecbch v\u1ee5 visa<\/h3>\n\n\n\n<p>Ch\u00fang t\u00f4i h\u1ed7 tr\u1ee3 xin visa nh\u1eadp c\u1ea3nh Nh\u1eadt B\u1ea3n, bao g\u1ed3m h\u1ed7 tr\u1ee3 chu\u1ea9n b\u1ecb h\u1ed3 s\u01a1 v\u00e0 \u0111\u1ea1i di\u1ec7n n\u1ed9p h\u1ed3 s\u01a1.<br><em>Ph\u00ed n\u1ed9p h\u1ed3 s\u01a1 \u0111\u01b0\u1ee3c t\u00ednh ri\u00eang.<\/em><\/p>\n\n\n\n<div class=\"wp-block-vk-blocks-button vk_button vk_button-color-custom vk_button-align-left\"><a href=\"https:\/\/trip-japan-ylp.com\/?page_id=207\" class=\"vk_button_link has-text-color vk_button_link-type-text has-vivid-cyan-blue-color btn-md\" role=\"button\" aria-pressed=\"true\" rel=\"noopener\"><div class=\"vk_button_link_caption\"><span class=\"vk_button_link_txt\">Li\u00ean h\u1ec7 v\u1ec1 visa t\u1ea1i \u0111\u00e2y<\/span><i class=\"fa-solid fa-up-right-from-square vk_button_link_after\" aria-hidden=\"true\"><\/i><\/div><\/a><\/div>\n\n\n\n<figure class=\"wp-block-table\"><table class=\"has-fixed-layout\"><thead><tr><th class=\"has-text-align-left\" data-align=\"left\">H\u1ea1ng m\u1ee5c<\/th><th class=\"has-text-align-left\" data-align=\"left\">N\u1ed9i dung<\/th><th class=\"has-text-align-left\" data-align=\"left\">Gi\u00e1<\/th><th class=\"has-text-align-left\" data-align=\"left\">Ghi ch\u00fa<\/th><\/tr><\/thead><tbody><tr><td class=\"has-text-align-left\" data-align=\"left\">H\u1ed7 tr\u1ee3 xin visa<\/td><td class=\"has-text-align-left\" data-align=\"left\">H\u1ed7 tr\u1ee3 chu\u1ea9n b\u1ecb h\u1ed3 s\u01a1 xin visa, \u0111\u1ea1i di\u1ec7n n\u1ed9p h\u1ed3 s\u01a1<\/td><td class=\"has-text-align-left\" data-align=\"left\">170.000\u2013340.000 VND<\/td><td class=\"has-text-align-left\" data-align=\"left\">C\u1ea7n th\u00eam ph\u00ed n\u1ed9p h\u1ed3 s\u01a1 kho\u1ea3ng 2.000.000 VND<\/td><\/tr><\/tbody><\/table><\/figure>\n\n\n\n<h3 class=\"wp-block-heading\">V\u00e9 m\u00e1y bay<\/h3>\n\n\n\n<figure class=\"wp-block-table\"><table class=\"has-fixed-layout\"><thead><tr><th class=\"has-text-align-left\" data-align=\"left\">H\u1ea1ng m\u1ee5c<\/th><th class=\"has-text-align-left\" data-align=\"left\">N\u1ed9i dung<\/th><th class=\"has-text-align-left\" data-align=\"left\">Gi\u00e1<\/th><th class=\"has-text-align-left\" data-align=\"left\">Ghi ch\u00fa<\/th><\/tr><\/thead><tbody><tr><td class=\"has-text-align-left\" data-align=\"left\">\u0110\u1eb7t v\u00e9 H\u00e0 N\u1ed9i \u2013 Nagoya<\/td><td class=\"has-text-align-left\" data-align=\"left\">Thay m\u1eb7t kh\u00e1ch \u0111\u1eb7t v\u00e0 mua v\u00e9 Vietnam Airlines h\u1ea1ng ph\u1ed5 th\u00f4ng<\/td><td class=\"has-text-align-left\" data-align=\"left\">8.000.000\u201320.000.000 VND<\/td><td class=\"has-text-align-left\" data-align=\"left\">Gi\u00e1 thay \u0111\u1ed5i t\u00f9y th\u1eddi gian v\u00e0 h\u00e0nh tr\u00ecnh. Kh\u00e1ch t\u1ef1 \u0111\u1eb7t v\u00e9 VietJet.<\/td><\/tr><\/tbody><\/table><\/figure>\n\n\n\n<h3 class=\"wp-block-heading\">L\u01b0u tr\u00fa<\/h3>\n\n\n\n<figure class=\"wp-block-table\"><table class=\"has-fixed-layout\"><thead><tr><th class=\"has-text-align-left\" data-align=\"left\">H\u1ea1ng m\u1ee5c<\/th><th class=\"has-text-align-left\" data-align=\"left\">N\u1ed9i dung<\/th><th class=\"has-text-align-left\" data-align=\"left\">Gi\u00e1<\/th><th class=\"has-text-align-left\" data-align=\"left\">Ghi ch\u00fa<\/th><\/tr><\/thead><tbody><tr><td class=\"has-text-align-left\" data-align=\"left\">Kh\u00e1ch s\u1ea1n 3 sao (1 ng\u01b0\u1eddi\/\u0111\u00eam)<\/td><td class=\"has-text-align-left\" data-align=\"left\">\u0110\u1eb7t kh\u00e1ch s\u1ea1n<\/td><td class=\"has-text-align-left\" data-align=\"left\">1.440.000\u20132.000.000 VND<\/td><td class=\"has-text-align-left\" data-align=\"left\">Gi\u00e1 thay \u0111\u1ed5i t\u00f9y ng\u00e0y. Kh\u00f4ng bao g\u1ed3m b\u1eefa \u0103n.<\/td><\/tr><tr><td class=\"has-text-align-left\" data-align=\"left\">Kh\u00e1ch s\u1ea1n 5 sao (1 ng\u01b0\u1eddi\/\u0111\u00eam)<\/td><td class=\"has-text-align-left\" data-align=\"left\">\u0110\u1eb7t kh\u00e1ch s\u1ea1n cao c\u1ea5p<\/td><td class=\"has-text-align-left\" data-align=\"left\">7.200.000\u201312.000.000 VND<\/td><td class=\"has-text-align-left\" data-align=\"left\">Gi\u00e1 thay \u0111\u1ed5i t\u00f9y ng\u00e0y. Kh\u00f4ng bao g\u1ed3m b\u1eefa \u0103n.<\/td><\/tr><tr><td class=\"has-text-align-left\" data-align=\"left\">Ryokan cao c\u1ea5p (2 ng\u01b0\u1eddi\/\u0111\u00eam)<\/td><td class=\"has-text-align-left\" data-align=\"left\">\u0110\u1eb7t ryokan cao c\u1ea5p k\u00e8m b\u1eefa t\u1ed1i v\u00e0 s\u00e1ng<\/td><td class=\"has-text-align-left\" data-align=\"left\">7.200.000\u201314.400.000 VND<\/td><td class=\"has-text-align-left\" data-align=\"left\">Gi\u00e1 thay \u0111\u1ed5i t\u00f9y ng\u00e0y. Gi\u00e1 d\u00e0nh cho 2 ng\u01b0\u1eddi\/\u0111\u00eam.<\/td><\/tr><\/tbody><\/table><\/figure>\n\n\n\n<h3 class=\"wp-block-heading\">Phi\u00ean d\u1ecbch &amp; H\u01b0\u1edbng d\u1eabn<\/h3>\n\n\n\n<figure class=\"wp-block-table\"><table class=\"has-fixed-layout\"><thead><tr><th class=\"has-text-align-left\" data-align=\"left\">H\u1ea1ng m\u1ee5c<\/th><th class=\"has-text-align-left\" data-align=\"left\">N\u1ed9i dung<\/th><th class=\"has-text-align-left\" data-align=\"left\">Gi\u00e1<\/th><th class=\"has-text-align-left\" data-align=\"left\">Ghi ch\u00fa<\/th><\/tr><\/thead><tbody><tr><td class=\"has-text-align-left\" data-align=\"left\">Phi\u00ean d\u1ecbch vi\u00ean ng\u01b0\u1eddi Vi\u1ec7t (1 ng\u00e0y)<\/td><td class=\"has-text-align-left\" data-align=\"left\">\u0110\u1ed3ng h\u00e0nh b\u1edfi phi\u00ean d\u1ecbch vi\u00ean ng\u01b0\u1eddi Vi\u1ec7t<\/td><td class=\"has-text-align-left\" data-align=\"left\">5.400.000 VND<\/td><td class=\"has-text-align-left\" data-align=\"left\">Phi\u00ean d\u1ecbch vi\u00ean ng\u01b0\u1eddi Vi\u1ec7t \u0111ang sinh s\u1ed1ng t\u1ea1i Nh\u1eadt B\u1ea3n<\/td><\/tr><\/tbody><\/table><\/figure>\n\n\n\n<h3 class=\"wp-block-heading\">G\u00f3i tour<\/h3>\n\n\n\n<figure class=\"wp-block-table\"><table class=\"has-fixed-layout\"><thead><tr><th class=\"has-text-align-left\" data-align=\"left\">H\u1ea1ng m\u1ee5c<\/th><th class=\"has-text-align-left\" data-align=\"left\">N\u1ed9i dung<\/th><th class=\"has-text-align-left\" data-align=\"left\">Gi\u00e1<\/th><th class=\"has-text-align-left\" data-align=\"left\">Ghi ch\u00fa<\/th><\/tr><\/thead><tbody><tr><td class=\"has-text-align-left\" data-align=\"left\">Tour 2 \u0111\u00eam 3 ng\u00e0y (2 kh\u00e1ch)<\/td><td class=\"has-text-align-left\" data-align=\"left\">Bao g\u1ed3m \u0111\u00f3n ti\u1ec5n s\u00e2n bay &amp; di chuy\u1ec3n, phi\u00ean d\u1ecbch &amp; h\u01b0\u1edbng d\u1eabn, 1 c\u00f4ng vi\u00ean gi\u1ea3i tr\u00ed &amp; 4 \u0111i\u1ec3m tham quan, mua s\u1eafm, 2 \u0111\u00eam kh\u00e1ch s\u1ea1n<\/td><td class=\"has-text-align-left\" data-align=\"left\">36.000.000\u201354.000.000 VND<\/td><td class=\"has-text-align-left\" data-align=\"left\">Gi\u00e1 cho 2 kh\u00e1ch. C\u00f3 th\u1ec3 t\u00f9y ch\u1ec9nh kh\u00e1ch s\u1ea1n, c\u00f4ng vi\u00ean &amp; \u0111i\u1ec3m tham quan. Gi\u00e1 thay \u0111\u1ed5i t\u00f9y h\u1ea1ng kh\u00e1ch s\u1ea1n &amp; \u0111i\u1ec3m \u0111\u1ebfn.<\/td><\/tr><tr><td class=\"has-text-align-left\" data-align=\"left\">Tour 2 \u0111\u00eam 3 ng\u00e0y (10 kh\u00e1ch)<\/td><td class=\"has-text-align-left\" data-align=\"left\">Nh\u01b0 tr\u00ean cho 10 kh\u00e1ch<\/td><td class=\"has-text-align-left\" data-align=\"left\">180.000.000\u2013270.000.000 VND<\/td><td class=\"has-text-align-left\" data-align=\"left\">Gi\u00e1 cho 10 kh\u00e1ch. C\u00f3 th\u1ec3 t\u00f9y ch\u1ec9nh.<\/td><\/tr><tr><td class=\"has-text-align-left\" data-align=\"left\">Tour 4 \u0111\u00eam 5 ng\u00e0y (2 kh\u00e1ch)<\/td><td class=\"has-text-align-left\" data-align=\"left\">Bao g\u1ed3m \u0111\u00f3n ti\u1ec5n s\u00e2n bay &amp; di chuy\u1ec3n, phi\u00ean d\u1ecbch &amp; h\u01b0\u1edbng d\u1eabn, 1 c\u00f4ng vi\u00ean gi\u1ea3i tr\u00ed &amp; 12 \u0111i\u1ec3m tham quan, mua s\u1eafm, 4 \u0111\u00eam kh\u00e1ch s\u1ea1n<\/td><td class=\"has-text-align-left\" data-align=\"left\">64.800.000\u201397.200.000 VND<\/td><td class=\"has-text-align-left\" data-align=\"left\">Gi\u00e1 cho 2 kh\u00e1ch. C\u00f3 th\u1ec3 t\u00f9y ch\u1ec9nh.<\/td><\/tr><tr><td class=\"has-text-align-left\" data-align=\"left\">Tour 4 \u0111\u00eam 5 ng\u00e0y (10 kh\u00e1ch)<\/td><td class=\"has-text-align-left\" data-align=\"left\">Nh\u01b0 tr\u00ean cho 10 kh\u00e1ch<\/td><td class=\"has-text-align-left\" data-align=\"left\">324.000.000\u2013486.000.000 VND<\/td><td class=\"has-text-align-left\" data-align=\"left\">Gi\u00e1 cho 10 kh\u00e1ch. C\u00f3 th\u1ec3 t\u00f9y ch\u1ec9nh.<\/td><\/tr><\/tbody><\/table><\/figure>\n\n\n\n<h3 class=\"wp-block-heading\">\u0110\u1eb7t nh\u00e0 h\u00e0ng<\/h3>\n\n\n\n<figure class=\"wp-block-table\"><table class=\"has-fixed-layout\"><thead><tr><th class=\"has-text-align-left\" data-align=\"left\">H\u1ea1ng m\u1ee5c<\/th><th class=\"has-text-align-left\" data-align=\"left\">N\u1ed9i dung<\/th><th class=\"has-text-align-left\" data-align=\"left\">Gi\u00e1<\/th><th class=\"has-text-align-left\" data-align=\"left\">Ghi ch\u00fa<\/th><\/tr><\/thead><tbody><tr><td class=\"has-text-align-left\" data-align=\"left\">\u0110\u1eb7t ch\u1ed7 nh\u00e0 h\u00e0ng<\/td><td class=\"has-text-align-left\" data-align=\"left\">\u0110\u1eb7t ch\u1ed7 nh\u00e0 h\u00e0ng<\/td><td class=\"has-text-align-left\" data-align=\"left\">\u2013<\/td><td class=\"has-text-align-left\" data-align=\"left\">Mi\u1ec5n ph\u00ed \u0111\u1eb7t ch\u1ed7 nh\u00e0 h\u00e0ng<\/td><\/tr><\/tbody><\/table><\/figure>\n\n\n\n<div style=\"height:25px\" aria-hidden=\"true\" class=\"wp-block-spacer\"><\/div>\n\n\n\n<div class=\"wp-block-columns is-layout-flex wp-container-core-columns-is-layout-28f84493 wp-block-columns-is-layout-flex\">\n<div class=\"wp-block-column is-layout-flow wp-block-column-is-layout-flow\">\n<div class=\"wp-block-vk-blocks-button vk_button vk_button-color-custom vk_button-align-right\"><a href=\"https:\/\/trip-japan-ylp.com\/?page_id=212\" class=\"vk_button_link btn has-background has-vk-color-primary-background-color btn-md\" role=\"button\" aria-pressed=\"true\" rel=\"noopener\"><div class=\"vk_button_link_caption\"><span class=\"vk_button_link_txt\">Li\u00ean h\u1ec7 t\u1ea1i \u0111\u00e2y<\/span><i class=\"fa-solid fa-up-right-from-square vk_button_link_after\" aria-hidden=\"true\"><\/i><\/div><\/a><\/div>\n<\/div>\n\n\n\n<div class=\"wp-block-column is-layout-flow wp-block-column-is-layout-flow\">\n<div class=\"wp-block-vk-blocks-button vk_button vk_button-color-custom vk_button-align-left\"><a href=\"https:\/\/trip-japan-ylp.com\/?page_id=1418\" class=\"vk_button_link btn has-background has-vk-color-primary-background-color btn-md\" role=\"button\" aria-pressed=\"true\" rel=\"noopener\"><div class=\"vk_button_link_caption\"><span class=\"vk_button_link_txt\">Tour Ghibli: Nh\u1ea5n v\u00e0o \u0111\u00e2y<\/span><i class=\"fa-solid fa-up-right-from-square vk_button_link_after\" aria-hidden=\"true\"><\/i><\/div><\/a><\/div>\n<\/div>\n<\/div>\n\n\n\n<div class=\"wp-block-vk-blocks-spacer vk_spacer vk_spacer-type-margin-top\"><div class=\"vk_block-margin-md--margin-top\"><\/div><\/div>\n\n\n\n<h2 class=\"wp-block-heading\">Ph\u00ed h\u1ee7y d\u1ecbch v\u1ee5<\/h2>\n\n\n\n<p>N\u1ebfu h\u1ee7y c\u00e1c d\u1ecbch v\u1ee5 du l\u1ecbch ch\u00fang t\u00f4i cung c\u1ea5p (h\u1ed7 tr\u1ee3 visa, \u0111\u1eb7t v\u00e9 m\u00e1y bay, \u0111\u1eb7t kh\u00e1ch s\u1ea1n, tour, v.v.), ph\u00ed h\u1ee7y s\u1ebd \u0111\u01b0\u1ee3c \u00e1p d\u1ee5ng nh\u01b0 sau:<\/p>\n\n\n\n<h3 class=\"wp-block-heading\">1. Tour gh\u00e9p\/ Tour tr\u1ecdn g\u00f3i<\/h3>\n\n\n\n<figure class=\"wp-block-table\"><table class=\"has-fixed-layout\"><thead><tr><th class=\"has-text-align-left\" data-align=\"left\">Th\u1eddi gian h\u1ee7y<\/th><th class=\"has-text-align-left\" data-align=\"left\">Ph\u00ed h\u1ee7y (t\u1ef7 l\u1ec7 so v\u1edbi t\u1ed5ng chi ph\u00ed du l\u1ecbch)<\/th><\/tr><\/thead><tbody><tr><td class=\"has-text-align-left\" data-align=\"left\">20\u20138 ng\u00e0y tr\u01b0\u1edbc kh\u1edfi h\u00e0nh<\/td><td class=\"has-text-align-left\" data-align=\"left\">T\u1ed1i \u0111a 20%<\/td><\/tr><tr><td class=\"has-text-align-left\" data-align=\"left\">7\u20132 ng\u00e0y tr\u01b0\u1edbc kh\u1edfi h\u00e0nh<\/td><td class=\"has-text-align-left\" data-align=\"left\">T\u1ed1i \u0111a 30%<\/td><\/tr><tr><td class=\"has-text-align-left\" data-align=\"left\">Ng\u00e0y tr\u01b0\u1edbc kh\u1edfi h\u00e0nh<\/td><td class=\"has-text-align-left\" data-align=\"left\">T\u1ed1i \u0111a 40%<\/td><\/tr><tr><td class=\"has-text-align-left\" data-align=\"left\">Ng\u00e0y kh\u1edfi h\u00e0nh (tr\u01b0\u1edbc gi\u1edd b\u1eaft \u0111\u1ea7u)<\/td><td class=\"has-text-align-left\" data-align=\"left\">T\u1ed1i \u0111a 50%<\/td><\/tr><tr><td class=\"has-text-align-left\" data-align=\"left\">Sau khi b\u1eaft \u0111\u1ea7u ho\u1eb7c kh\u00f4ng tham gia<\/td><td class=\"has-text-align-left\" data-align=\"left\">100%<\/td><\/tr><\/tbody><\/table><\/figure>\n\n\n\n<p><em>\u0110\u1ed1i v\u1edbi du l\u1ecbch n\u01b0\u1edbc ngo\u00e0i trong m\u00f9a cao \u0111i\u1ec3m (T\u1ebft, Tu\u1ea7n l\u1ec5 V\u00e0ng, m\u00f9a h\u00e8\u2026), quy \u0111\u1ecbnh ph\u00ed h\u1ee7y c\u00f3 th\u1ec3 kh\u00e1c.<\/em><\/p>\n\n\n\n<h3 class=\"wp-block-heading\">2. Du l\u1ecbch theo y\u00eau c\u1ea7u (v\u00e9 m\u00e1y bay, kh\u00e1ch s\u1ea1n, v.v.)<\/h3>\n\n\n\n<p>Vi\u1ec7c h\u1ee7y v\u00e9 m\u00e1y bay v\u00e0 c\u01a1 s\u1edf l\u01b0u tr\u00fa theo quy \u0111\u1ecbnh ph\u00ed h\u1ee7y c\u1ee7a t\u1eebng \u0111\u01a1n v\u1ecb cung c\u1ea5p.<br>Ngo\u00e0i ra, \u00e1p d\u1ee5ng th\u00eam ph\u00ed x\u1eed l\u00fd h\u1ee7y c\u1ee7a ch\u00fang t\u00f4i:<\/p>\n\n\n\n<figure class=\"wp-block-table\"><table class=\"has-fixed-layout\"><thead><tr><th class=\"has-text-align-left\" data-align=\"left\">Ph\u00e2n lo\u1ea1i<\/th><th class=\"has-text-align-left\" data-align=\"left\">Ph\u00ed x\u1eed l\u00fd h\u1ee7y<\/th><\/tr><\/thead><tbody><tr><td class=\"has-text-align-left\" data-align=\"left\">\u0110\u1eb7t nh\u00f3m (t\u1eeb 10 ng\u01b0\u1eddi tr\u1edf l\u00ean)<\/td><td class=\"has-text-align-left\" data-align=\"left\">20% ph\u1ea7n chi ph\u00ed b\u1ecb h\u1ee7y<\/td><\/tr><tr><td class=\"has-text-align-left\" data-align=\"left\">\u0110\u1eb7t c\u00e1 nh\u00e2n (d\u01b0\u1edbi 10 ng\u01b0\u1eddi)<\/td><td class=\"has-text-align-left\" data-align=\"left\">4.400 JPY\/ tr\u01b0\u1eddng h\u1ee3p<\/td><\/tr><tr><td class=\"has-text-align-left\" data-align=\"left\">H\u1ee7y \u0111\u1eb7t kh\u00e1ch s\u1ea1n<\/td><td class=\"has-text-align-left\" data-align=\"left\">2.200 JPY\/ tr\u01b0\u1eddng h\u1ee3p<\/td><\/tr><tr><td class=\"has-text-align-left\" data-align=\"left\">V\u00e9 m\u00e1y bay ch\u01b0a s\u1eed d\u1ee5ng \/ ho\u00e0n ti\u1ec1n<\/td><td class=\"has-text-align-left\" data-align=\"left\">2.200 JPY\/ tr\u01b0\u1eddng h\u1ee3p<\/td><\/tr><\/tbody><\/table><\/figure>\n\n\n\n<h3 class=\"wp-block-heading\">3. H\u1ee7y d\u1ecbch v\u1ee5 h\u1ed7 tr\u1ee3 xin visa<\/h3>\n\n\n\n<ul class=\"wp-block-list\">\n<li>Sau khi b\u1eaft \u0111\u1ea7u chu\u1ea9n b\u1ecb h\u1ed3 s\u01a1: ph\u00ed c\u1ed1 \u0111\u1ecbnh 2.200 JPY (ph\u00ed x\u1eed l\u00fd)<\/li>\n\n\n\n<li>Sau khi n\u1ed9p h\u1ed3 s\u01a1 t\u1ea1i \u0111\u1ea1i s\u1ee9 qu\u00e1n\/l\u00e3nh s\u1ef1 qu\u00e1n: Kh\u00e1ch ch\u1ecbu to\u00e0n b\u1ed9 ph\u00ed th\u1ef1c t\u1ebf (ph\u00ed n\u1ed9p h\u1ed3 s\u01a1) v\u00e0 ph\u00ed d\u1ecbch v\u1ee5 c\u1ee7a ch\u00fang t\u00f4i.<\/li>\n<\/ul>\n\n\n\n<h3 class=\"wp-block-heading\">4. L\u01b0u \u00fd<\/h3>\n\n\n\n<ul class=\"wp-block-list\">\n<li>Ngo\u00e0i c\u00e1c kho\u1ea3n tr\u00ean, n\u1ebfu ph\u00e1t sinh chi ph\u00ed th\u1ef1c t\u1ebf (ph\u00ed li\u00ean l\u1ea1c, \u0111\u01b0a \u0111\u00f3n, v.v.), ch\u00fang t\u00f4i s\u1ebd t\u00ednh th\u00eam.<\/li>\n\n\n\n<li>Ho\u00e0n ti\u1ec1n sau khi h\u1ee7y s\u1ebd \u0111\u01b0\u1ee3c th\u1ef1c hi\u1ec7n sau khi tr\u1eeb ph\u00ed x\u1eed l\u00fd quy \u0111\u1ecbnh.<\/li>\n\n\n\n<li>Chi ti\u1ebft tu\u00e2n theo Quy ch\u1ebf kinh doanh du l\u1ecbch ti\u00eau chu\u1ea9n.<\/li>\n<\/ul>\n\n\n\n<div style=\"height:25px\" aria-hidden=\"true\" class=\"wp-block-spacer\"><\/div>\n\n\n\n<div class=\"wp-block-columns is-layout-flex wp-container-core-columns-is-layout-28f84493 wp-block-columns-is-layout-flex\">\n<div class=\"wp-block-column is-layout-flow wp-block-column-is-layout-flow\">\n<div class=\"wp-block-vk-blocks-button vk_button vk_button-color-custom vk_button-align-right\"><a href=\"https:\/\/trip-japan-ylp.com\/?page_id=212\" class=\"vk_button_link btn has-background has-vk-color-primary-background-color btn-md\" role=\"button\" aria-pressed=\"true\" rel=\"noopener\"><div class=\"vk_button_link_caption\"><span class=\"vk_button_link_txt\">Li\u00ean h\u1ec7 t\u1ea1i \u0111\u00e2y<\/span><i class=\"fa-solid fa-up-right-from-square vk_button_link_after\" aria-hidden=\"true\"><\/i><\/div><\/a><\/div>\n<\/div>\n\n\n\n<div class=\"wp-block-column is-layout-flow wp-block-column-is-layout-flow\">\n<div class=\"wp-block-vk-blocks-button vk_button vk_button-color-custom vk_button-align-left\"><a href=\"https:\/\/trip-japan-ylp.com\/?page_id=1418\" class=\"vk_button_link btn has-background has-vk-color-primary-background-color btn-md\" role=\"button\" aria-pressed=\"true\" rel=\"noopener\"><div class=\"vk_button_link_caption\"><span class=\"vk_button_link_txt\">Tour Ghibli: Nh\u1ea5n v\u00e0o \u0111\u00e2y<\/span><i class=\"fa-solid fa-up-right-from-square vk_button_link_after\" aria-hidden=\"true\"><\/i><\/div><\/a><\/div>\n<\/div>\n<\/div>\n","protected":false},"excerpt":{"rendered":"<p>B\u1ea3ng gi\u00e1 du l\u1ecbch Nh\u1eadt B\u1ea3n Ch\u00fang t\u00f4i cung c\u1ea5p nhi\u1ec1u d\u1ecbch v\u1ee5 li\u00ean quan \u0111\u1ebfn du l\u1ecbch t\u1ea1i Nh\u1eadt B\u1ea3n.Gi\u00e1 c\u1ea3 thay \u0111\u1ed5i  [&hellip;]<\/p>\n","protected":false},"author":1,"featured_media":0,"parent":0,"menu_order":0,"comment_status":"closed","ping_status":"closed","template":"","meta":{"_uag_custom_page_level_css":"","vkexunit_cta_each_option":"","footnotes":""},"class_list":["post-649","page","type-page","status-publish","hentry"],"uagb_featured_image_src":{"full":false,"thumbnail":false,"medium":false,"medium_large":false,"large":false,"1536x1536":false,"2048x2048":false,"post-thumbnail":false},"uagb_author_info":{"display_name":"admin","author_link":"https:\/\/trip-japan-ylp.com\/?author=1"},"uagb_comment_info":0,"uagb_excerpt":"B\u1ea3ng gi\u00e1 du l\u1ecbch Nh\u1eadt B\u1ea3n Ch\u00fang t\u00f4i cung c\u1ea5p nhi\u1ec1u d\u1ecbch&hellip;","_links":{"self":[{"href":"https:\/\/trip-japan-ylp.com\/index.php?rest_route=\/wp\/v2\/pages\/649","targetHints":{"allow":["GET"]}}],"collection":[{"href":"https:\/\/trip-japan-ylp.com\/index.php?rest_route=\/wp\/v2\/pages"}],"about":[{"href":"https:\/\/trip-japan-ylp.com\/index.php?rest_route=\/wp\/v2\/types\/page"}],"author":[{"embeddable":true,"href":"https:\/\/trip-japan-ylp.com\/index.php?rest_route=\/wp\/v2\/users\/1"}],"replies":[{"embeddable":true,"href":"https:\/\/trip-japan-ylp.com\/index.php?rest_route=%2Fwp%2Fv2%2Fcomments&post=649"}],"version-history":[{"count":12,"href":"https:\/\/trip-japan-ylp.com\/index.php?rest_route=\/wp\/v2\/pages\/649\/revisions"}],"predecessor-version":[{"id":1479,"href":"https:\/\/trip-japan-ylp.com\/index.php?rest_route=\/wp\/v2\/pages\/649\/revisions\/1479"}],"wp:attachment":[{"href":"https:\/\/trip-japan-ylp.com\/index.php?rest_route=%2Fwp%2Fv2%2Fmedia&parent=649"}],"curies":[{"name":"wp","href":"https:\/\/api.w.org\/{rel}","templated":true}]}}